{"id":500,"date":"2022-09-29T10:27:56","date_gmt":"2022-09-29T08:27:56","guid":{"rendered":"https:\/\/cognitivescience.umk.pl\/index.php\/sklep\/"},"modified":"2026-01-18T11:24:31","modified_gmt":"2026-01-18T10:24:31","slug":"academic-staff","status":"publish","type":"page","link":"https:\/\/cognitivescience.umk.pl\/index.php\/academic-staff\/","title":{"rendered":"Academic Staff"},"content":{"rendered":"\n<p>Our team forms a unique, interdisciplinary research ecosystem where experts in cognitive science, psychology, philosophy, neuroscience, and physics collaborate to explore the multidimensional nature of the human mind. In our research on cognitive and social development, we transcend traditional frameworks by analyzing how diverse cultural contexts, linguistic systems, and social practices shape the foundations of social cognition and the mechanisms of 'Theory of Mind.&#8217;<\/p>\n\n\n\n<p>Simultaneously, we conduct advanced work on theoretical models of cognition, investigating the predictive nature of the brain, the structure of mental representations, and the philosophical and epistemological consequences of radically altered states of consciousness. A key pillar of our activity is the search for innovative interfaces between humans and modern technology. This encompasses both the analysis of the psychological dynamics of interaction with artificial intelligence and social robots, as well as the design of advanced neurotechnological tools and brain-computer interfaces.<\/p>\n\n\n\n<p>By integrating rigorous empirical research with profound theoretical reflection, we strive to understand how our identity, sense of embodiment, and the biological and cultural boundaries of human cognition are evolving in the era of digital transformation. Leveraging extensive international collaboration and access to state-of-the-art neuroimaging infrastructure, our team not only describes the mechanisms of the mind but also actively designs solutions to support mental well-being and diagnostics in the medicine of the future. <\/p>\n\n\n\n<p>To learn more about our researchers and their interests, select a profile that interests you.<\/p>\n\n\n\n<h2 class=\"wp-block-heading\"><strong>Our Team<\/strong><\/h2>\n\n\n\n<div class=\"kadra-grid\">\n \n<div class=\"kafel\">\n    <img decoding=\"async\" src=\"https:\/\/cognitivescience.umk.pl\/wp-content\/uploads\/2025\/09\/arkadiusz_gut_.webp\" alt=\"Professor Arkadiusz Gut\">\n    <h3><a href=\"https:\/\/cognitivescience.umk.pl\/index.php\/arkadiusz-gut\/\">Professor Arkadiusz Gut<\/a><\/h3>\n    <p>Head of Department<\/p>\n    <a href=\"https:\/\/orcid.org\/0000-0002-3983-9474\" target=\"_blank\" rel=\"noopener\">View profile<\/a>\n  <\/div>\n\n  <div class=\"kafel\">\n    <img decoding=\"async\" src=\"https:\/\/cognitivescience.umk.pl\/wp-content\/uploads\/2025\/09\/Anita-Pacholik-e1759936350197.webp\" alt=\"Professor Anita pacholik\">\n    <h3><a href=\"https:\/\/cognitivescience.umk.pl\/index.php\/arkadiusz-gut\/\">Professor Anita Pacholik<\/h3> <\/a>\n    <p>Associate Professor<\/p>\n    <a href=\"https:\/\/orcid.org\/0000-0002-3983-9474\" target=\"_blank\" rel=\"noopener\">View profile<\/a>\n  <\/div>\n<div class=\"kafel\">\n    <img decoding=\"async\" src=\"https:\/\/cognitivescience.umk.pl\/wp-content\/uploads\/2025\/09\/urszula_zeglen_circle.png\" alt=\"Professor Urszula \u017begle\u0144\">\n    <h3><a href=\"https:\/\/cognitivescience.umk.pl\/index.php\/academic-staff\/urszulazeglen\/\">Professor Urszula \u017begle\u0144<\/h3> <\/a>\n    <p>Professor<\/p>\n    <a href=\"https:\/\/orcid.org\/0000-0003-3855-3615\" target=\"_blank\" rel=\"noopener\">View profile<\/a>\n  <\/div>\n<div class=\"kafel\">\n    <img decoding=\"async\" src=\"https:\/\/cognitivescience.umk.pl\/wp-content\/uploads\/2025\/09\/pawel_gladziejewski_.webp\" alt=\"Professor Pawe\u0142 G\u0142adziejewski\">\n    <h3><a href=\"https:\/\/cognitivescience.umk.pl\/index.php\/academic-staff\/pawelgladziejewski\/\">Professor Pawe\u0142 G\u0142adziejewski<\/h3> <\/a>\n    <p>Associate Professor<\/p>\n    <a href=\"https:\/\/orcid.org\/0000-0001-5639-0923\" target=\"_blank\" rel=\"noopener\">View profile<\/a>\n  <\/div>\n\n<div class=\"kafel\">\n    <img decoding=\"async\" src=\"https:\/\/cognitivescience.umk.pl\/wp-content\/uploads\/2025\/09\/TomKrus-e1759936478651.jpg\" alt=\"Professor Tomasz Kruszewski\">\n    <h3><a href=\"https:\/\/cognitivescience.umk.pl\/index.php\/arkadiusz-gut\/\">Professor Tomasz Kruszewski<\/h3><\/a>\n    <p>Associate Professor<\/p>\n    <a href=\"https:\/\/orcid.org\/0000-0002-3983-9474\" target=\"_blank\" rel=\"noopener\">View profile<\/a>\n  <\/div>\n\n<div class=\"kafel\">\n    <img decoding=\"async\" src=\"https:\/\/cognitivescience.umk.pl\/wp-content\/uploads\/2025\/09\/anna_kaczmarczyk_circle.png\" alt=\"Dr Anna Karczmarczyk\">\n    <h3><a href=\"https:\/\/cognitivescience.umk.pl\/index.php\/academic-staff\/annakarczmarczyk\/\">Dr Anna Karczmarczyk<\/h3> <\/a>\n    <p>Vice-Director of the Institute\nAssistant Professor<\/p>\n    <a href=\"https:\/\/www.researchgate.net\/profile\/Anna-Karczmarczyk\" target=\"_blank\" rel=\"noopener\">View profile<\/a>\n  <\/div>\n\n<div class=\"kafel\">\n    <img decoding=\"async\" src=\"https:\/\/cognitivescience.umk.pl\/wp-content\/uploads\/2021\/05\/cropped-cropped-IBIK.jpg\" alt=\"Dr Bogna Bylicka\">\n    <h3><a href=\"https:\/\/cognitivescience.umk.pl\/index.php\/academic-staff\/bognabylicka\/\">Dr Bogna Bylicka<\/h3> <\/a>\n    <p>Assistant Professor<\/p>\n    <a href=\"https:\/\/orcid.org\/0000-0000-0000-0001\" target=\"_blank\" rel=\"noopener\">View profile<\/a>\n  <\/div>\n\n  <div class=\"kafel\">\n    <img decoding=\"async\" src=\"https:\/\/cognitivescience.umk.pl\/wp-content\/uploads\/2025\/10\/TomekNaKafelek.jpg\" alt=\"Dr Tomasz Komendzi\u0144ski\">\n    <h3><a href=\"https:\/\/cognitivescience.umk.pl\/index.php\/academic-staff\/tomaszkomendzinski\/\">Dr Tomasz Komendzi\u0144ski<\/h3> <\/a>\n    <p>Assistant Professor<\/p>\n    <a href=\"https:\/\/orcid.org\/0000-0003-3273-0764\" target=\"_blank\" rel=\"noopener\">View profile<\/a>\n  <\/div>\n\n<div class=\"kafel\">\n    <img decoding=\"async\" src=\"https:\/\/cognitivescience.umk.pl\/wp-content\/uploads\/2025\/10\/Daniel1-e1759921588958.jpg\" alt=\"Dr Daniel \u017buromski\">\n    <h3><a href=\"https:\/\/cognitivescience.umk.pl\/index.php\/academic-staff\/danielzuromski\/\">Dr Daniel \u017buromski<\/h3> <\/a>\n    <p>Assistant Professor<\/p>\n    <a href=\"https:\/\/www.researchgate.net\/profile\/Daniel-Zuromski\" target=\"_blank\" rel=\"noopener\">View profile<\/a>\n  <\/div>\n\n<div class=\"kafel\">\n    <img decoding=\"async\" src=\"https:\/\/cognitivescience.umk.pl\/wp-content\/uploads\/2025\/12\/2023_lsk_204-e1765900655148.jpg\" alt=\"Dr Andrzej Zykubek\">\n    <h3><a href=\"https:\/\/cognitivescience.umk.pl\/index.php\/arkadiusz-gut\/\">Dr Andrzej Zykubek<\/h3>\n    <p>Assistant Professor<\/p>\n    <a href=\"https:\/\/orcid.org\/0000-0000-0000-0001\" target=\"_blank\" rel=\"noopener\">View profile<\/a>\n  <\/div>\n\n<div class=\"kafel\">\n    <img decoding=\"async\" src=\"https:\/\/cognitivescience.umk.pl\/wp-content\/uploads\/2025\/11\/JNikadon.png\" alt=\"Jan Nikadon\">\n    <h3><a href=\"https:\/\/cognitivescience.umk.pl\/index.php\/academic-staff\/jannikadon\/\">Jan Nikadon<\/h3><\/a>    <p>Assistant Lecturer <br> MRI Technician<\/p>\n    <a href=\"https:\/\/scholar.google.com\/citations?user=cBhArcQAAAAJ&#038;hl=en\" target=\"_blank\" rel=\"noopener\">View profile<\/a>\n  <\/div>\n\n<div class=\"kafel\">\n    <img decoding=\"async\" src=\"https:\/\/cognitivescience.umk.pl\/wp-content\/uploads\/2025\/10\/JakubJanczura1-e1759831118658.jpg\" alt=\"Jakub Janczura\">\n    <h3><a href=\"https:\/\/cognitivescience.umk.pl\/index.php\/academic-staff\/jakubjanczura\/\">Jakub Janczura<\/h3> <\/a>\n    <p>Assistant Lecturer<br> Administrative Specialist<\/p>\n    <a href=\"https:\/\/orcid.org\/0000-0001-5051-493X\" target=\"_blank\" rel=\"noopener\">View profile<\/a>\n  <\/div>\n\n<div class=\"kafel\">\n    <img decoding=\"async\" src=\"https:\/\/cognitivescience.umk.pl\/wp-content\/uploads\/2025\/10\/Albert-Lukasik2-VR-e1759494089804.jpg\" alt=\"Albert \u0141ukasik\">\n    <h3><a href=\"https:\/\/cognitivescience.umk.pl\/index.php\/academic-staff\/albertlukasik\/\">Albert \u0141ukasik<\/a><\/h3>\n    <p>PhD Students<\/p>\n    <a href=\"https:\/\/scholar.google.com\/citations?user=wNO8LmUAAAAJ&#038;hl=pl&#038;oi=ao\" target=\"_blank\" rel=\"noopener\">View profile<\/a>\n  <\/div>\n\n<div class=\"kafel\">\n    <img decoding=\"async\" src=\"https:\/\/cognitivescience.umk.pl\/wp-content\/uploads\/2025\/12\/Milena_Celebudzka1.jpg\" alt=\"Milena Celebudzka\">\n    <h3><a href=\"https:\/\/cognitivescience.umk.pl\/index.php\/academic-staff\/milena-celebudzka\/\">Milena Celebudzka<\/h3>\n    <p>PhD Students<\/p>\n    <a href=\"https:\/\/orcid.org\/0009-0004-0101-5535\" target=\"_blank\" rel=\"noopener\">View profile<\/a>\n  <\/div>\n\n  <!-- dodaj kolejne kafelki dla pozosta\u0142ych cz\u0142onk\u00f3w -->\n<\/div>\n\n\n\n<h2 class=\"wp-block-heading\"><strong>Associated with the Department<\/strong><\/h2>\n\n\n\n<div class=\"kadra-grid\">\n\n<div class=\"kafel\">\n    <img decoding=\"async\" src=\"https:\/\/cognitivescience.umk.pl\/wp-content\/uploads\/2025\/09\/wlodzislawduch-fotandrzejromanski1-e1759936229658.jpg\" alt=\"Professor W\u0142odzis\u0142aw Duch\">\n    <h3><a href=\"https:\/\/www.is.umk.pl\/~duch\/indexpl.html\" target=\"_blank\" rel=\"noopener\">Professor W\u0142odzis\u0142aw Duch<\/a><\/h3>\n    <p>Professor<\/p>\n    <a href=\"https:\/\/orcid.org\/0000-0001-7882-4729\" target=\"_blank\" rel=\"noopener\">View ORCID profile<\/a>\n  <\/div>\n\n<div class=\"kafel\">\n    <img decoding=\"async\" src=\"https:\/\/cognitivescience.umk.pl\/wp-content\/uploads\/2026\/01\/Jacek_Matulewski_2.jpg\" alt=\"Professor Jacek Matulewski\">\n    <h3>Professor Jacek Matulewski<\/h3>\n    <p>Associate Professor<\/p>\n    <a href=\"https:\/\/orcid.org\/0000-0002-3983-9474\" target=\"_blank\" rel=\"noopener\">View ORCID profile<\/a>\n  <\/div>\n<div class=\"kafel\">\n    <img decoding=\"async\" src=\"https:\/\/cognitivescience.umk.pl\/wp-content\/uploads\/2026\/01\/Bibianna-Balaj.png\" alt=\"Dr Bibiana Ba\u0142aj\">\n    <h3>Dr Bibiana Ba\u0142aj<\/h3>\n    <p>Assistant Professor<\/p>\n    <a href=\"https:\/\/orcid.org\/0000-0000-0000-0001\" target=\"_blank\" rel=\"noopener\">View profile<\/a>\n  <\/div>\n<div class=\"kafel\">\n    <img decoding=\"async\" src=\"https:\/\/cognitivescience.umk.pl\/wp-content\/uploads\/2025\/12\/Rob-mirski.png\" alt=\"dr Robert Mirski\">\n    <h3>Dr Robert Mirski<\/h3>\n    <p>Assistant Lecturer<\/p>\n    <a href=\"https:\/\/scholar.google.com\/citations?hl=pl&#038;user=c_FyI7cAAAAJ&#038;view_op=list_works&#038;sortby=pubdate\" target=\"_blank\" rel=\"noopener\">View profile<\/a>\n  <\/div>\n\n<div class=\"kafel\">\n    <img decoding=\"async\" src=\"https:\/\/cognitivescience.umk.pl\/wp-content\/uploads\/2025\/09\/finc-1.png\" alt=\"Dr Karolina Finc\">\n    <h3>Dr Karolina Finc<\/h3>\n    <p>Assistant Professor<\/p>\n    <a href=\"https:\/\/orcid.org\/0000-0000-0000-0001\" target=\"_blank\" rel=\"noopener\">View ORCID profile<\/a>\n  <\/div>\n\n<div class=\"kafel\">\n    <img decoding=\"async\" src=\"https:\/\/cognitivescience.umk.pl\/wp-content\/uploads\/2025\/10\/M.Czerwonka-e1759493684282.png\" alt=\"Ma\u0142gorzata Czerwonka\">\n    <h3>Ma\u0142gorzata Czerwonka <\/h3>\n    <p> <\/p>\n    <a href=\"https:\/\/www.linkedin.com\/in\/ma%C5%82gorzata-czerwonka-9a43041bb\/\" target=\"_blank\" rel=\"noopener\">View profile<\/a>\n  <\/div>\n<\/div>\n\n\n\n<h2 class=\"wp-block-heading has-text-align-left\"><strong><strong>Cross-Department Instructors<\/strong><\/strong><\/h2>\n\n\n\n<div class=\"kadra-grid-6\">\n  <div class=\"kafel\">\n    <img decoding=\"async\" src=\"https:\/\/cognitivescience.umk.pl\/wp-content\/uploads\/2025\/10\/Krystyna_MN-3-1-e1760964890880.jpg\" alt=\"Krystyna Mruczek-Nasieniewska\">\n    <h3>Professor Krystyna Mruczek-Nasieniewska<\/h3>\n    <p>Associate Professor<\/p>\n    <a href=\"https:\/\/scholar.google.com\/citations?user=4mYC1z8AAAAJ&#038;hl=pl\" target=\"_blank\" rel=\"noopener\">View profile<\/a>\n  <\/div>\n \n <div class=\"kafel\">\n    <img decoding=\"async\" src=\"https:\/\/cognitivescience.umk.pl\/wp-content\/uploads\/2025\/10\/RafalGruszczynski.jpg\" alt=\"Professor Rafa\u0142 Gruszczy\u0144ski\">\n    <h3>Professor Rafa\u0142 Gruszczy\u0144ski<\/h3>\n    <p>Associate Professor<\/p>\n    <a href=\"https:\/\/www.researchgate.net\/profile\/Rafal-Gruszczynski?ev=hdr_xprf\" target=\"_blank\" rel=\"noopener\">View profile<\/a>\n  <\/div>\n \n <div class=\"kafel\">\n    <img decoding=\"async\" src=\"https:\/\/cognitivescience.umk.pl\/wp-content\/uploads\/2025\/10\/DSC_6376.jpg\" alt=\"Professor Aleksandra Derra\">\n    <h3>Professor Aleksandra Derra <\/h3>\n    <p>Associate Professor<\/p>\n    <a href=\"http:\/\/aleksandra-derra.eu\/en\/\" target=\"_blank\" rel=\"noopener\">View profile<\/a>\n  <\/div>\n\n\n<div class=\"kafel\">\n    <img decoding=\"async\" src=\"https:\/\/cognitivescience.umk.pl\/wp-content\/uploads\/2025\/12\/J.Michalak-e1764878164102.jpg\" alt=\"Dr Joanna Michalak\">\n    <h3>Dr Joanna Michalak <\/h3>\n    <p>Assistant Professor<\/p>\n    <a href=\"https:\/\/www.researchgate.net\/profile\/Joanna-Michalak-6?ev=hdr_xprf\" target=\"_blank\" rel=\"noopener\">View profile<\/a>\n  <\/div>\n\n\n  <!-- kolejne kafelki -->\n<\/div>\n\n\n\n<p><\/p>\n","protected":false},"excerpt":{"rendered":"<p>Our team forms a unique, interdisciplinary research ecosystem where experts in cognitive science, psychology, philosophy, neuroscience, and physics collaborate to explore the multidimensional nature of the human mind. In our research on cognitive and social development, we transcend traditional frameworks by analyzing how diverse cultural contexts, linguistic systems, and social [&hellip;]<\/p>\n","protected":false},"author":4,"featured_media":1325,"parent":0,"menu_order":0,"comment_status":"closed","ping_status":"closed","template":"page-templates\/template-fullwidth.php","meta":{"footnotes":""},"class_list":["post-500","page","type-page","status-publish","has-post-thumbnail","hentry"],"_links":{"self":[{"href":"https:\/\/cognitivescience.umk.pl\/index.php\/wp-json\/wp\/v2\/pages\/500","targetHints":{"allow":["GET"]}}],"collection":[{"href":"https:\/\/cognitivescience.umk.pl\/index.php\/wp-json\/wp\/v2\/pages"}],"about":[{"href":"https:\/\/cognitivescience.umk.pl\/index.php\/wp-json\/wp\/v2\/types\/page"}],"author":[{"embeddable":true,"href":"https:\/\/cognitivescience.umk.pl\/index.php\/wp-json\/wp\/v2\/users\/4"}],"replies":[{"embeddable":true,"href":"https:\/\/cognitivescience.umk.pl\/index.php\/wp-json\/wp\/v2\/comments?post=500"}],"version-history":[{"count":12,"href":"https:\/\/cognitivescience.umk.pl\/index.php\/wp-json\/wp\/v2\/pages\/500\/revisions"}],"predecessor-version":[{"id":1819,"href":"https:\/\/cognitivescience.umk.pl\/index.php\/wp-json\/wp\/v2\/pages\/500\/revisions\/1819"}],"wp:featuredmedia":[{"embeddable":true,"href":"https:\/\/cognitivescience.umk.pl\/index.php\/wp-json\/wp\/v2\/media\/1325"}],"wp:attachment":[{"href":"https:\/\/cognitivescience.umk.pl\/index.php\/wp-json\/wp\/v2\/media?parent=500"}],"curies":[{"name":"wp","href":"https:\/\/api.w.org\/{rel}","templated":true}]}}